{"id":200,"date":"2021-10-09T14:17:13","date_gmt":"2021-10-09T14:17:13","guid":{"rendered":"http:\/\/lasteaed.joelahtme.ee\/neeme\/?page_id=200"},"modified":"2025-11-09T16:21:03","modified_gmt":"2025-11-09T14:21:03","slug":"paevakava","status":"publish","type":"page","link":"https:\/\/lasteaed.joelahtme.ee\/neeme\/paevakava\/","title":{"rendered":"P\u00e4evakava"},"content":{"rendered":"\n<p><img loading=\"lazy\" decoding=\"async\" width=\"307\" height=\"277\" class=\"wp-image-619\" style=\"width: 130px\" src=\"http:\/\/lasteaed.joelahtme.ee\/neeme\/wp-content\/uploads\/sites\/4\/2022\/04\/s2.png\" alt=\"\" srcset=\"https:\/\/lasteaed.joelahtme.ee\/neeme\/wp-content\/uploads\/sites\/4\/2022\/04\/s2.png 307w, https:\/\/lasteaed.joelahtme.ee\/neeme\/wp-content\/uploads\/sites\/4\/2022\/04\/s2-300x271.png 300w\" sizes=\"auto, (max-width: 307px) 100vw, 307px\" \/><img loading=\"lazy\" decoding=\"async\" width=\"241\" height=\"241\" class=\"wp-image-620\" style=\"width: 130px\" src=\"http:\/\/lasteaed.joelahtme.ee\/neeme\/wp-content\/uploads\/sites\/4\/2022\/04\/s3.png\" alt=\"\" srcset=\"https:\/\/lasteaed.joelahtme.ee\/neeme\/wp-content\/uploads\/sites\/4\/2022\/04\/s3.png 241w, https:\/\/lasteaed.joelahtme.ee\/neeme\/wp-content\/uploads\/sites\/4\/2022\/04\/s3-150x150.png 150w\" sizes=\"auto, (max-width: 241px) 100vw, 241px\" \/><img loading=\"lazy\" decoding=\"async\" width=\"229\" height=\"229\" class=\"wp-image-622\" style=\"width: 130px\" src=\"http:\/\/lasteaed.joelahtme.ee\/neeme\/wp-content\/uploads\/sites\/4\/2022\/04\/s4.png\" alt=\"\" srcset=\"https:\/\/lasteaed.joelahtme.ee\/neeme\/wp-content\/uploads\/sites\/4\/2022\/04\/s4.png 229w, https:\/\/lasteaed.joelahtme.ee\/neeme\/wp-content\/uploads\/sites\/4\/2022\/04\/s4-150x150.png 150w\" sizes=\"auto, (max-width: 229px) 100vw, 229px\" \/><img loading=\"lazy\" decoding=\"async\" width=\"284\" height=\"284\" class=\"wp-image-618\" style=\"width: 130px\" src=\"http:\/\/lasteaed.joelahtme.ee\/neeme\/wp-content\/uploads\/sites\/4\/2022\/04\/s1.png\" alt=\"\" srcset=\"https:\/\/lasteaed.joelahtme.ee\/neeme\/wp-content\/uploads\/sites\/4\/2022\/04\/s1.png 284w, https:\/\/lasteaed.joelahtme.ee\/neeme\/wp-content\/uploads\/sites\/4\/2022\/04\/s1-150x150.png 150w\" sizes=\"auto, (max-width: 284px) 100vw, 284px\" \/><\/p>\n\n\n\n<p><strong>7.00\u00a0&#8211;\u00a0 8.30<\/strong>\u00a0 Laste vastuv\u00f5tmine, vabategevus r\u00fchmas<br><strong>8.30 &#8211;\u00a0 9.00<\/strong>\u00a0 Hommikus\u00f6\u00f6k<br><strong>9.00 &#8211;\u00a0 11.00<\/strong>\u00a0 Organiseeritud tegevus tundide v\u00f5i grupit\u00f6\u00f6na<br><strong>11.00\u00a0&#8211; 12.15<\/strong>\u00a0 Vabategevus, vaatlused, liikumism\u00e4ngud \u00f5ues<br><strong>12.15 &#8211; 13.00<\/strong>\u00a0 L\u00f5unas\u00f6\u00f6k<br><strong>13.00 &#8211; 15.00\u00a0<\/strong>Puhkeaeg<br><strong>15.00 &#8211; 15.30<\/strong>\u00a0Vabategevus, individuaalne t\u00f6\u00f6, huviringid<br><strong>15.30 &#8211; 16.00<\/strong>\u00a0\u00d5htuoode<br><strong>16.00 &#8211; 18.30<\/strong>\u00a0Vabategevus toas v\u00f5i \u00f5ues, huviringid<br><strong>Alates 18.30<\/strong>\u00a0Lasteaed suletud<\/p>\n","protected":false},"excerpt":{"rendered":"<p>7.00\u00a0&#8211;\u00a0 8.30\u00a0 Laste vastuv\u00f5tmine, vabategevus r\u00fchmas8.30 &#8211;\u00a0 9.00\u00a0 Hommikus\u00f6\u00f6k9.00 &#8211;\u00a0 11.00\u00a0 Organiseeritud tegevus tundide v\u00f5i grupit\u00f6\u00f6na11.00\u00a0&#8211; 12.15\u00a0 Vabategevus, vaatlused, liikumism\u00e4ngud \u00f5ues12.15 &#8211; 13.00\u00a0 L\u00f5unas\u00f6\u00f6k13.00 &#8211; 15.00\u00a0Puhkeaeg15.00 &#8211; 15.30\u00a0Vabategevus, individuaalne t\u00f6\u00f6, huviringid15.30 &#8211; 16.00\u00a0\u00d5htuoode16.00 &#8211; 18.30\u00a0Vabategevus toas v\u00f5i \u00f5ues, huviringidAlates 18.30\u00a0Lasteaed suletud<\/p>\n","protected":false},"author":3,"featured_media":0,"parent":0,"menu_order":0,"comment_status":"closed","ping_status":"closed","template":"","meta":{"_uag_custom_page_level_css":"","site-sidebar-layout":"default","site-content-layout":"default","ast-site-content-layout":"default","site-content-style":"default","site-sidebar-style":"default","ast-global-header-display":"","ast-banner-title-visibility":"","ast-main-header-display":"","ast-hfb-above-header-display":"","ast-hfb-below-header-display":"","ast-hfb-mobile-header-display":"","site-post-title":"","ast-breadcrumbs-content":"","ast-featured-img":"","footer-sml-layout":"","ast-disable-related-posts":"","theme-transparent-header-meta":"default","adv-header-id-meta":"","stick-header-meta":"","header-above-stick-meta":"","header-main-stick-meta":"","header-below-stick-meta":"","astra-migrate-meta-layouts":"set","ast-page-background-enabled":"default","ast-page-background-meta":{"desktop":{"background-color":"var(--ast-global-color-4)","background-image":"","background-repeat":"repeat","background-position":"center center","background-size":"auto","background-attachment":"scroll","background-type":"","background-media":"","overlay-type":"","overlay-color":"","overlay-opacity":"","overlay-gradient":""},"tablet":{"background-color":"","background-image":"","background-repeat":"repeat","background-position":"center center","background-size":"auto","background-attachment":"scroll","background-type":"","background-media":"","overlay-type":"","overlay-color":"","overlay-opacity":"","overlay-gradient":""},"mobile":{"background-color":"","background-image":"","background-repeat":"repeat","background-position":"center center","background-size":"auto","background-attachment":"scroll","background-type":"","background-media":"","overlay-type":"","overlay-color":"","overlay-opacity":"","overlay-gradient":""}},"ast-content-background-meta":{"desktop":{"background-color":"var(--ast-global-color-5)","background-image":"","background-repeat":"repeat","background-position":"center center","background-size":"auto","background-attachment":"scroll","background-type":"","background-media":"","overlay-type":"","overlay-color":"","overlay-opacity":"","overlay-gradient":""},"tablet":{"background-color":"var(--ast-global-color-5)","background-image":"","background-repeat":"repeat","background-position":"center center","background-size":"auto","background-attachment":"scroll","background-type":"","background-media":"","overlay-type":"","overlay-color":"","overlay-opacity":"","overlay-gradient":""},"mobile":{"background-color":"var(--ast-global-color-5)","background-image":"","background-repeat":"repeat","background-position":"center center","background-size":"auto","background-attachment":"scroll","background-type":"","background-media":"","overlay-type":"","overlay-color":"","overlay-opacity":"","overlay-gradient":""}},"footnotes":""},"class_list":["post-200","page","type-page","status-publish","hentry"],"uagb_featured_image_src":{"full":false,"thumbnail":false,"medium":false,"medium_large":false,"large":false,"1536x1536":false,"2048x2048":false},"uagb_author_info":{"display_name":"pille","author_link":"https:\/\/lasteaed.joelahtme.ee\/neeme\/author\/pille\/"},"uagb_comment_info":0,"uagb_excerpt":"7.00\u00a0&#8211;\u00a0 8.30\u00a0 Laste vastuv\u00f5tmine, vabategevus r\u00fchmas8.30 &#8211;\u00a0 9.00\u00a0 Hommikus\u00f6\u00f6k9.00 &#8211;\u00a0 11.00\u00a0 Organiseeritud tegevus tundide v\u00f5i grupit\u00f6\u00f6na11.00\u00a0&#8211; 12.15\u00a0 Vabategevus, vaatlused, liikumism\u00e4ngud \u00f5ues12.15 &#8211; 13.00\u00a0 L\u00f5unas\u00f6\u00f6k13.00 &#8211; 15.00\u00a0Puhkeaeg15.00 &#8211; 15.30\u00a0Vabategevus, individuaalne t\u00f6\u00f6, huviringid15.30 &#8211; 16.00\u00a0\u00d5htuoode16.00 &#8211; 18.30\u00a0Vabategevus toas v\u00f5i \u00f5ues, huviringidAlates 18.30\u00a0Lasteaed suletud","_links":{"self":[{"href":"https:\/\/lasteaed.joelahtme.ee\/neeme\/wp-json\/wp\/v2\/pages\/200","targetHints":{"allow":["GET"]}}],"collection":[{"href":"https:\/\/lasteaed.joelahtme.ee\/neeme\/wp-json\/wp\/v2\/pages"}],"about":[{"href":"https:\/\/lasteaed.joelahtme.ee\/neeme\/wp-json\/wp\/v2\/types\/page"}],"author":[{"embeddable":true,"href":"https:\/\/lasteaed.joelahtme.ee\/neeme\/wp-json\/wp\/v2\/users\/3"}],"replies":[{"embeddable":true,"href":"https:\/\/lasteaed.joelahtme.ee\/neeme\/wp-json\/wp\/v2\/comments?post=200"}],"version-history":[{"count":13,"href":"https:\/\/lasteaed.joelahtme.ee\/neeme\/wp-json\/wp\/v2\/pages\/200\/revisions"}],"predecessor-version":[{"id":1831,"href":"https:\/\/lasteaed.joelahtme.ee\/neeme\/wp-json\/wp\/v2\/pages\/200\/revisions\/1831"}],"wp:attachment":[{"href":"https:\/\/lasteaed.joelahtme.ee\/neeme\/wp-json\/wp\/v2\/media?parent=200"}],"curies":[{"name":"wp","href":"https:\/\/api.w.org\/{rel}","templated":true}]}}