{"id":181,"date":"2021-10-09T08:39:01","date_gmt":"2021-10-09T08:39:01","guid":{"rendered":"http:\/\/lasteaed.joelahtme.ee\/neeme\/?page_id=181"},"modified":"2024-12-05T12:07:50","modified_gmt":"2024-12-05T10:07:50","slug":"tugiteenused","status":"publish","type":"page","link":"https:\/\/lasteaed.joelahtme.ee\/neeme\/tugiteenused\/","title":{"rendered":"Tugiteenused"},"content":{"rendered":"\n<p><strong>Eesm\u00e4rk : iga abi vajav laps on toetatud l\u00e4bi toimiva tugiv\u00f5rgustiku.<\/strong><\/p>\n\n\n\n<figure class=\"wp-block-image aligncenter size-large is-resized\"><img loading=\"lazy\" decoding=\"async\" width=\"724\" height=\"1024\" src=\"https:\/\/lasteaed.joelahtme.ee\/neeme\/wp-content\/uploads\/sites\/4\/2024\/12\/koost\u251cC\u251cCmudel-images-5-724x1024.jpg\" alt=\"\" class=\"wp-image-1608\" style=\"width:998px;height:auto\" srcset=\"https:\/\/lasteaed.joelahtme.ee\/neeme\/wp-content\/uploads\/sites\/4\/2024\/12\/koost\u251cC\u251cCmudel-images-5-724x1024.jpg 724w, https:\/\/lasteaed.joelahtme.ee\/neeme\/wp-content\/uploads\/sites\/4\/2024\/12\/koost\u251cC\u251cCmudel-images-5-212x300.jpg 212w, https:\/\/lasteaed.joelahtme.ee\/neeme\/wp-content\/uploads\/sites\/4\/2024\/12\/koost\u251cC\u251cCmudel-images-5-768x1086.jpg 768w, https:\/\/lasteaed.joelahtme.ee\/neeme\/wp-content\/uploads\/sites\/4\/2024\/12\/koost\u251cC\u251cCmudel-images-5-1086x1536.jpg 1086w, https:\/\/lasteaed.joelahtme.ee\/neeme\/wp-content\/uploads\/sites\/4\/2024\/12\/koost\u251cC\u251cCmudel-images-5-1448x2048.jpg 1448w, https:\/\/lasteaed.joelahtme.ee\/neeme\/wp-content\/uploads\/sites\/4\/2024\/12\/koost\u251cC\u251cCmudel-images-5-scaled.jpg 1810w\" sizes=\"auto, (max-width: 724px) 100vw, 724px\" \/><\/figure>\n\n\n\n<p class=\"has-text-align-center\"><img loading=\"lazy\" decoding=\"async\" width=\"1288\" height=\"598\" class=\"wp-image-319\" style=\"width: 900px\" src=\"http:\/\/lasteaed.joelahtme.ee\/neeme\/wp-content\/uploads\/sites\/4\/2021\/11\/muudet.png\" alt=\"\" srcset=\"https:\/\/lasteaed.joelahtme.ee\/neeme\/wp-content\/uploads\/sites\/4\/2021\/11\/muudet.png 1288w, https:\/\/lasteaed.joelahtme.ee\/neeme\/wp-content\/uploads\/sites\/4\/2021\/11\/muudet-300x139.png 300w, https:\/\/lasteaed.joelahtme.ee\/neeme\/wp-content\/uploads\/sites\/4\/2021\/11\/muudet-1024x475.png 1024w, https:\/\/lasteaed.joelahtme.ee\/neeme\/wp-content\/uploads\/sites\/4\/2021\/11\/muudet-768x357.png 768w\" sizes=\"auto, (max-width: 1288px) 100vw, 1288px\" \/><strong> <\/strong><\/p>\n\n\n\n<figure class=\"wp-block-image size-full is-resized\"><img loading=\"lazy\" decoding=\"async\" width=\"885\" height=\"487\" src=\"http:\/\/lasteaed.joelahtme.ee\/neeme\/wp-content\/uploads\/sites\/4\/2021\/11\/vii.png\" alt=\"\" class=\"wp-image-321\" style=\"width:724px;height:398px\" srcset=\"https:\/\/lasteaed.joelahtme.ee\/neeme\/wp-content\/uploads\/sites\/4\/2021\/11\/vii.png 885w, https:\/\/lasteaed.joelahtme.ee\/neeme\/wp-content\/uploads\/sites\/4\/2021\/11\/vii-300x165.png 300w, https:\/\/lasteaed.joelahtme.ee\/neeme\/wp-content\/uploads\/sites\/4\/2021\/11\/vii-768x423.png 768w\" sizes=\"auto, (max-width: 885px) 100vw, 885px\" \/><\/figure>\n\n\n\n<p><\/p>\n","protected":false},"excerpt":{"rendered":"<p>Eesm\u00e4rk : iga abi vajav laps on toetatud l\u00e4bi toimiva tugiv\u00f5rgustiku.<\/p>\n","protected":false},"author":3,"featured_media":0,"parent":0,"menu_order":0,"comment_status":"closed","ping_status":"closed","template":"","meta":{"_uag_custom_page_level_css":"","site-sidebar-layout":"default","site-content-layout":"default","ast-site-content-layout":"default","site-content-style":"default","site-sidebar-style":"default","ast-global-header-display":"","ast-banner-title-visibility":"","ast-main-header-display":"","ast-hfb-above-header-display":"","ast-hfb-below-header-display":"","ast-hfb-mobile-header-display":"","site-post-title":"","ast-breadcrumbs-content":"","ast-featured-img":"","footer-sml-layout":"","ast-disable-related-posts":"","theme-transparent-header-meta":"default","adv-header-id-meta":"","stick-header-meta":"","header-above-stick-meta":"","header-main-stick-meta":"","header-below-stick-meta":"","astra-migrate-meta-layouts":"set","ast-page-background-enabled":"default","ast-page-background-meta":{"desktop":{"background-color":"var(--ast-global-color-4)","background-image":"","background-repeat":"repeat","background-position":"center center","background-size":"auto","background-attachment":"scroll","background-type":"","background-media":"","overlay-type":"","overlay-color":"","overlay-opacity":"","overlay-gradient":""},"tablet":{"background-color":"","background-image":"","background-repeat":"repeat","background-position":"center center","background-size":"auto","background-attachment":"scroll","background-type":"","background-media":"","overlay-type":"","overlay-color":"","overlay-opacity":"","overlay-gradient":""},"mobile":{"background-color":"","background-image":"","background-repeat":"repeat","background-position":"center center","background-size":"auto","background-attachment":"scroll","background-type":"","background-media":"","overlay-type":"","overlay-color":"","overlay-opacity":"","overlay-gradient":""}},"ast-content-background-meta":{"desktop":{"background-color":"var(--ast-global-color-5)","background-image":"","background-repeat":"repeat","background-position":"center center","background-size":"auto","background-attachment":"scroll","background-type":"","background-media":"","overlay-type":"","overlay-color":"","overlay-opacity":"","overlay-gradient":""},"tablet":{"background-color":"var(--ast-global-color-5)","background-image":"","background-repeat":"repeat","background-position":"center center","background-size":"auto","background-attachment":"scroll","background-type":"","background-media":"","overlay-type":"","overlay-color":"","overlay-opacity":"","overlay-gradient":""},"mobile":{"background-color":"var(--ast-global-color-5)","background-image":"","background-repeat":"repeat","background-position":"center center","background-size":"auto","background-attachment":"scroll","background-type":"","background-media":"","overlay-type":"","overlay-color":"","overlay-opacity":"","overlay-gradient":""}},"footnotes":""},"class_list":["post-181","page","type-page","status-publish","hentry"],"uagb_featured_image_src":{"full":false,"thumbnail":false,"medium":false,"medium_large":false,"large":false,"1536x1536":false,"2048x2048":false},"uagb_author_info":{"display_name":"pille","author_link":"https:\/\/lasteaed.joelahtme.ee\/neeme\/author\/pille\/"},"uagb_comment_info":0,"uagb_excerpt":"Eesm\u00e4rk : iga abi vajav laps on toetatud l\u00e4bi toimiva tugiv\u00f5rgustiku.","_links":{"self":[{"href":"https:\/\/lasteaed.joelahtme.ee\/neeme\/wp-json\/wp\/v2\/pages\/181","targetHints":{"allow":["GET"]}}],"collection":[{"href":"https:\/\/lasteaed.joelahtme.ee\/neeme\/wp-json\/wp\/v2\/pages"}],"about":[{"href":"https:\/\/lasteaed.joelahtme.ee\/neeme\/wp-json\/wp\/v2\/types\/page"}],"author":[{"embeddable":true,"href":"https:\/\/lasteaed.joelahtme.ee\/neeme\/wp-json\/wp\/v2\/users\/3"}],"replies":[{"embeddable":true,"href":"https:\/\/lasteaed.joelahtme.ee\/neeme\/wp-json\/wp\/v2\/comments?post=181"}],"version-history":[{"count":12,"href":"https:\/\/lasteaed.joelahtme.ee\/neeme\/wp-json\/wp\/v2\/pages\/181\/revisions"}],"predecessor-version":[{"id":1611,"href":"https:\/\/lasteaed.joelahtme.ee\/neeme\/wp-json\/wp\/v2\/pages\/181\/revisions\/1611"}],"wp:attachment":[{"href":"https:\/\/lasteaed.joelahtme.ee\/neeme\/wp-json\/wp\/v2\/media?parent=181"}],"curies":[{"name":"wp","href":"https:\/\/api.w.org\/{rel}","templated":true}]}}