{"id":804,"date":"2022-11-11T09:38:50","date_gmt":"2022-11-11T09:38:50","guid":{"rendered":"https:\/\/lasteaed.joelahtme.ee\/loo\/?page_id=804"},"modified":"2024-12-11T11:08:32","modified_gmt":"2024-12-11T09:08:32","slug":"lastehoid","status":"publish","type":"page","link":"https:\/\/lasteaed.joelahtme.ee\/loo\/lastehoid\/","title":{"rendered":"Lastehoid"},"content":{"rendered":"\n<p>Lapsehoiur\u00fchm tegutseb Loo Lasteaed P\u00e4\u00e4supesaga samas majas. <br>R\u00fchma v\u00f5etakse vastu lapsi vanuses 1,5 &#8211; 3 aastat.<\/p>\n\n\n\n<p><\/p>\n\n\n\n<p>Lapsehoiu \u00f5petajad on Janne Kohava, Tiiu Nordmann ja Signe Rudakov<\/p>\n\n\n\n<p>Telefon 5887 3506<\/p>\n\n\n\n<p>Veebisuhtlus toimub l\u00e4bi programmi Eliis.<\/p>\n\n\n\n<p><\/p>\n","protected":false},"excerpt":{"rendered":"<p>Lapsehoiur\u00fchm tegutseb Loo Lasteaed P\u00e4\u00e4supesaga samas majas. R\u00fchma v\u00f5etakse vastu lapsi vanuses 1,5 &#8211; 3 aastat. Lapsehoiu \u00f5petajad on Janne Kohava, Tiiu Nordmann ja Signe Rudakov Telefon 5887 3506 Veebisuhtlus toimub l\u00e4bi programmi Eliis.<\/p>\n","protected":false},"author":1,"featured_media":0,"parent":0,"menu_order":0,"comment_status":"closed","ping_status":"closed","template":"","meta":{"_uag_custom_page_level_css":"","site-sidebar-layout":"default","site-content-layout":"","ast-site-content-layout":"default","site-content-style":"default","site-sidebar-style":"default","ast-global-header-display":"","ast-banner-title-visibility":"","ast-main-header-display":"","ast-hfb-above-header-display":"","ast-hfb-below-header-display":"","ast-hfb-mobile-header-display":"","site-post-title":"","ast-breadcrumbs-content":"","ast-featured-img":"","footer-sml-layout":"","ast-disable-related-posts":"","theme-transparent-header-meta":"","adv-header-id-meta":"","stick-header-meta":"","header-above-stick-meta":"","header-main-stick-meta":"","header-below-stick-meta":"","astra-migrate-meta-layouts":"set","ast-page-background-enabled":"default","ast-page-background-meta":{"desktop":{"background-color":"var(--ast-global-color-4)","background-image":"","background-repeat":"repeat","background-position":"center center","background-size":"auto","background-attachment":"scroll","background-type":"","background-media":"","overlay-type":"","overlay-color":"","overlay-opacity":"","overlay-gradient":""},"tablet":{"background-color":"","background-image":"","background-repeat":"repeat","background-position":"center center","background-size":"auto","background-attachment":"scroll","background-type":"","background-media":"","overlay-type":"","overlay-color":"","overlay-opacity":"","overlay-gradient":""},"mobile":{"background-color":"","background-image":"","background-repeat":"repeat","background-position":"center center","background-size":"auto","background-attachment":"scroll","background-type":"","background-media":"","overlay-type":"","overlay-color":"","overlay-opacity":"","overlay-gradient":""}},"ast-content-background-meta":{"desktop":{"background-color":"var(--ast-global-color-5)","background-image":"","background-repeat":"repeat","background-position":"center center","background-size":"auto","background-attachment":"scroll","background-type":"","background-media":"","overlay-type":"","overlay-color":"","overlay-opacity":"","overlay-gradient":""},"tablet":{"background-color":"var(--ast-global-color-5)","background-image":"","background-repeat":"repeat","background-position":"center center","background-size":"auto","background-attachment":"scroll","background-type":"","background-media":"","overlay-type":"","overlay-color":"","overlay-opacity":"","overlay-gradient":""},"mobile":{"background-color":"var(--ast-global-color-5)","background-image":"","background-repeat":"repeat","background-position":"center center","background-size":"auto","background-attachment":"scroll","background-type":"","background-media":"","overlay-type":"","overlay-color":"","overlay-opacity":"","overlay-gradient":""}},"footnotes":""},"class_list":["post-804","page","type-page","status-publish","hentry"],"uagb_featured_image_src":{"full":false,"thumbnail":false,"medium":false,"medium_large":false,"large":false,"1536x1536":false,"2048x2048":false},"uagb_author_info":{"display_name":"Kalev","author_link":"https:\/\/lasteaed.joelahtme.ee\/loo\/author\/kalev\/"},"uagb_comment_info":0,"uagb_excerpt":"Lapsehoiur\u00fchm tegutseb Loo Lasteaed P\u00e4\u00e4supesaga samas majas. R\u00fchma v\u00f5etakse vastu lapsi vanuses 1,5 &#8211; 3 aastat. Lapsehoiu \u00f5petajad on Janne Kohava, Tiiu Nordmann ja Signe Rudakov Telefon 5887 3506 Veebisuhtlus toimub l\u00e4bi programmi Eliis.","_links":{"self":[{"href":"https:\/\/lasteaed.joelahtme.ee\/loo\/wp-json\/wp\/v2\/pages\/804","targetHints":{"allow":["GET"]}}],"collection":[{"href":"https:\/\/lasteaed.joelahtme.ee\/loo\/wp-json\/wp\/v2\/pages"}],"about":[{"href":"https:\/\/lasteaed.joelahtme.ee\/loo\/wp-json\/wp\/v2\/types\/page"}],"author":[{"embeddable":true,"href":"https:\/\/lasteaed.joelahtme.ee\/loo\/wp-json\/wp\/v2\/users\/1"}],"replies":[{"embeddable":true,"href":"https:\/\/lasteaed.joelahtme.ee\/loo\/wp-json\/wp\/v2\/comments?post=804"}],"version-history":[{"count":12,"href":"https:\/\/lasteaed.joelahtme.ee\/loo\/wp-json\/wp\/v2\/pages\/804\/revisions"}],"predecessor-version":[{"id":1553,"href":"https:\/\/lasteaed.joelahtme.ee\/loo\/wp-json\/wp\/v2\/pages\/804\/revisions\/1553"}],"wp:attachment":[{"href":"https:\/\/lasteaed.joelahtme.ee\/loo\/wp-json\/wp\/v2\/media?parent=804"}],"curies":[{"name":"wp","href":"https:\/\/api.w.org\/{rel}","templated":true}]}}