{"id":253,"date":"2022-01-04T11:57:47","date_gmt":"2022-01-04T11:57:47","guid":{"rendered":"http:\/\/lasteaed.joelahtme.ee\/loo\/?page_id=253"},"modified":"2022-09-23T11:55:57","modified_gmt":"2022-09-23T11:55:57","slug":"kik-keskkonnahariduse-projektid","status":"publish","type":"page","link":"https:\/\/lasteaed.joelahtme.ee\/loo\/kik-keskkonnahariduse-projektid\/","title":{"rendered":"KIK keskkonnahariduse projektid"},"content":{"rendered":"\n<p><strong>PROJEKT \u201e VEETARGA RETK 2019-2020\u2033<\/strong><\/p>\n\n\n\n<p>SA Keskkonnainvesteeringute Keskuse (KIK) n\u00f5ukogu otsustas 21.06.2019 toetada meie projekti&nbsp;<strong>\u201eVeetarga retk 2019-2020\u201c<\/strong>&nbsp;taotlust 600.00 euroga.<\/p>\n\n\n\n<p><strong>TOIMUMISE AEG:&nbsp;<\/strong>30. ja 31. oktoober 2019<\/p>\n\n\n\n<p><strong>PROJEKTI EESM\u00c4RK<\/strong><strong>:<\/strong><\/p>\n\n\n\n<p>Tutvuda Kostivere karstiala, J\u00e4gala joa, Linnam\u00e4e HEJ-ga, keskendudes nende t\u00e4htsusele ning erip\u00e4rale puhta vee ja selle tekke seisukohast, samuti tutvuda piirkonna loodusega. Vaadelda ja k\u00fclastada karstivorme ja fossiilide v\u00e4lja ning tutvuda maakera ajalooga. Saada teadmisi veeringest.<\/p>\n\n\n\n<p><strong>OSALEJAD:<\/strong>&nbsp;Loo Lasteaed P\u00e4\u00e4supesa koolieelikud Rukkilille, Sipsiku, Muumide ja M\u00fcrakarude r\u00fchmast&nbsp;ning nende pedagoogid.<\/p>\n\n\n\n<p><strong>PROGRAMMI TULEMUSENA LAPS:<\/strong><\/p>\n\n\n\n<p>1) tunneb huvi looduse ja selle uurimise vastu ning kasutab julgelt loovust ja fantaasiat;<\/p>\n\n\n\n<p>2) m\u00f5istab, et inimene on osa loodusest ning inimeste elu s\u00f5ltub loodusest, suhtub loodusesse s\u00e4\u00e4stvalt;<\/p>\n\n\n\n<p>3) m\u00e4rkab looduse ilu ja erilisust ning v\u00e4\u00e4rtustab oma kodukoha elurikkust ja maastikulist mitmekesisust;<\/p>\n\n\n\n<p>4) hoolib elusolenditest ja nende vajadustest;<\/p>\n\n\n\n<p>5) liigub looduses turvaliselt, kahjustamata loodusv\u00e4\u00e4rtusi ja iseennast.<\/p>\n\n\n\n<p><strong>PROJEKTID<\/strong>  <strong>&#8220;P\u00e4\u00e4supesa loodusmatkad&#8221; <\/strong>ja <strong>&#8220;Sookollide saladused P\u00e4\u00e4sk\u00fcla rabas&#8221;<\/strong> ootavad 6-7-aastaseid lapsi ees mais ja juunis 2022<\/p>\n\n\n\n<figure class=\"wp-block-embed\"><div class=\"wp-block-embed__wrapper\">\nhttps:\/\/www.keskkonnaharidus.ee\/program\/veetarga-retk-puhta-vee-tekkekohas\/\n<\/div><\/figure>\n","protected":false},"excerpt":{"rendered":"<p>PROJEKT \u201e VEETARGA RETK 2019-2020\u2033 SA Keskkonnainvesteeringute Keskuse (KIK) n\u00f5ukogu otsustas 21.06.2019 toetada meie projekti&nbsp;\u201eVeetarga retk 2019-2020\u201c&nbsp;taotlust 600.00 euroga. TOIMUMISE AEG:&nbsp;30. ja 31. oktoober 2019 PROJEKTI EESM\u00c4RK: Tutvuda Kostivere karstiala, J\u00e4gala joa, Linnam\u00e4e HEJ-ga, keskendudes nende t\u00e4htsusele ning erip\u00e4rale puhta vee ja selle tekke seisukohast, samuti tutvuda piirkonna loodusega. Vaadelda ja k\u00fclastada karstivorme ja fossiilide [&hellip;]<\/p>\n","protected":false},"author":7,"featured_media":0,"parent":0,"menu_order":0,"comment_status":"closed","ping_status":"closed","template":"","meta":{"_uag_custom_page_level_css":"","site-sidebar-layout":"default","site-content-layout":"","ast-site-content-layout":"default","site-content-style":"default","site-sidebar-style":"default","ast-global-header-display":"","ast-banner-title-visibility":"","ast-main-header-display":"","ast-hfb-above-header-display":"","ast-hfb-below-header-display":"","ast-hfb-mobile-header-display":"","site-post-title":"","ast-breadcrumbs-content":"","ast-featured-img":"","footer-sml-layout":"","ast-disable-related-posts":"","theme-transparent-header-meta":"","adv-header-id-meta":"","stick-header-meta":"","header-above-stick-meta":"","header-main-stick-meta":"","header-below-stick-meta":"","astra-migrate-meta-layouts":"default","ast-page-background-enabled":"default","ast-page-background-meta":{"desktop":{"background-color":"var(--ast-global-color-4)","background-image":"","background-repeat":"repeat","background-position":"center center","background-size":"auto","background-attachment":"scroll","background-type":"","background-media":"","overlay-type":"","overlay-color":"","overlay-opacity":"","overlay-gradient":""},"tablet":{"background-color":"","background-image":"","background-repeat":"repeat","background-position":"center center","background-size":"auto","background-attachment":"scroll","background-type":"","background-media":"","overlay-type":"","overlay-color":"","overlay-opacity":"","overlay-gradient":""},"mobile":{"background-color":"","background-image":"","background-repeat":"repeat","background-position":"center center","background-size":"auto","background-attachment":"scroll","background-type":"","background-media":"","overlay-type":"","overlay-color":"","overlay-opacity":"","overlay-gradient":""}},"ast-content-background-meta":{"desktop":{"background-color":"var(--ast-global-color-5)","background-image":"","background-repeat":"repeat","background-position":"center center","background-size":"auto","background-attachment":"scroll","background-type":"","background-media":"","overlay-type":"","overlay-color":"","overlay-opacity":"","overlay-gradient":""},"tablet":{"background-color":"var(--ast-global-color-5)","background-image":"","background-repeat":"repeat","background-position":"center center","background-size":"auto","background-attachment":"scroll","background-type":"","background-media":"","overlay-type":"","overlay-color":"","overlay-opacity":"","overlay-gradient":""},"mobile":{"background-color":"var(--ast-global-color-5)","background-image":"","background-repeat":"repeat","background-position":"center center","background-size":"auto","background-attachment":"scroll","background-type":"","background-media":"","overlay-type":"","overlay-color":"","overlay-opacity":"","overlay-gradient":""}},"footnotes":""},"class_list":["post-253","page","type-page","status-publish","hentry"],"uagb_featured_image_src":{"full":false,"thumbnail":false,"medium":false,"medium_large":false,"large":false,"1536x1536":false,"2048x2048":false},"uagb_author_info":{"display_name":"Tiina","author_link":"https:\/\/lasteaed.joelahtme.ee\/loo\/author\/anneli\/"},"uagb_comment_info":0,"uagb_excerpt":"PROJEKT \u201e VEETARGA RETK 2019-2020\u2033 SA Keskkonnainvesteeringute Keskuse (KIK) n\u00f5ukogu otsustas 21.06.2019 toetada meie projekti&nbsp;\u201eVeetarga retk 2019-2020\u201c&nbsp;taotlust 600.00 euroga. TOIMUMISE AEG:&nbsp;30. ja 31. oktoober 2019 PROJEKTI EESM\u00c4RK: Tutvuda Kostivere karstiala, J\u00e4gala joa, Linnam\u00e4e HEJ-ga, keskendudes nende t\u00e4htsusele ning erip\u00e4rale puhta vee ja selle tekke seisukohast, samuti tutvuda piirkonna loodusega. Vaadelda ja k\u00fclastada karstivorme ja fossiilide&hellip;","_links":{"self":[{"href":"https:\/\/lasteaed.joelahtme.ee\/loo\/wp-json\/wp\/v2\/pages\/253","targetHints":{"allow":["GET"]}}],"collection":[{"href":"https:\/\/lasteaed.joelahtme.ee\/loo\/wp-json\/wp\/v2\/pages"}],"about":[{"href":"https:\/\/lasteaed.joelahtme.ee\/loo\/wp-json\/wp\/v2\/types\/page"}],"author":[{"embeddable":true,"href":"https:\/\/lasteaed.joelahtme.ee\/loo\/wp-json\/wp\/v2\/users\/7"}],"replies":[{"embeddable":true,"href":"https:\/\/lasteaed.joelahtme.ee\/loo\/wp-json\/wp\/v2\/comments?post=253"}],"version-history":[{"count":6,"href":"https:\/\/lasteaed.joelahtme.ee\/loo\/wp-json\/wp\/v2\/pages\/253\/revisions"}],"predecessor-version":[{"id":638,"href":"https:\/\/lasteaed.joelahtme.ee\/loo\/wp-json\/wp\/v2\/pages\/253\/revisions\/638"}],"wp:attachment":[{"href":"https:\/\/lasteaed.joelahtme.ee\/loo\/wp-json\/wp\/v2\/media?parent=253"}],"curies":[{"name":"wp","href":"https:\/\/api.w.org\/{rel}","templated":true}]}}