{"id":229,"date":"2022-01-03T13:25:08","date_gmt":"2022-01-03T13:25:08","guid":{"rendered":"http:\/\/lasteaed.joelahtme.ee\/loo\/?page_id=229"},"modified":"2025-09-26T10:45:48","modified_gmt":"2025-09-26T08:45:48","slug":"oppetegevuse-korraldus","status":"publish","type":"page","link":"https:\/\/lasteaed.joelahtme.ee\/loo\/oppetegevuse-korraldus\/","title":{"rendered":"\u00d5ppetegevuse korraldus"},"content":{"rendered":"\n<p>Lasteaed on avatud aastaringselt,&nbsp;v\u00e4lja arvatud suveperioodil neli n\u00e4dalat (kollektiivpuhkus).<\/p>\n\n\n\n<p>\u00d5ppe- ja kasvatustegevus on korraldatud \u00f5ppeaastati &#8211; 1. septembrist ning kuni 31. augustini.<\/p>\n\n\n\n<p>\u00d5ppe- ja kasvatustegevuse korraldamisel toimub tegevuste kavandamine 1. septembrist kuni 31. maini. N\u00e4dalate- ja kuuplaanid koostatakse 15. septembrist kuni 15. maini.<\/p>\n\n\n\n<p>Koolivaheaegadel planeeritakse n\u00e4dalakavas \u00f5pitu kordamist, kinnistatakse omandatud teadmisi ja kogemusi erinevates m\u00e4ngulistes tegevustes.<\/p>\n\n\n\n<p>R\u00fchma n\u00e4dala-, kuu- ja projektiplaanid ning tegevuste kirjeldused on n\u00e4htavad lapsevanemale\u00a0 veebikeskkonnas <a href=\"https:\/\/eliis.eu\/\">https:\/\/eliis.eu\/<\/a><\/p>\n\n\n\n<p>Suvisel perioodil, 1. juunist &#8211; 31. augustini, lasteaias tegevusi ei kavandata. Toimub eelnevate teadmiste kordamine m\u00e4ngudes ja \u00f5uetegevustes, mis kajastuvad \u00f5ppekasvatustegevuste p\u00e4evikus, millega saab tutvuda e-keskkonnas ELIIS. L\u00e4htuvalt vajadustest t\u00f6\u00f6tavad suvel valver\u00fchmad.<\/p>\n","protected":false},"excerpt":{"rendered":"<p>Lasteaed on avatud aastaringselt,&nbsp;v\u00e4lja arvatud suveperioodil neli n\u00e4dalat (kollektiivpuhkus). \u00d5ppe- ja kasvatustegevus on korraldatud \u00f5ppeaastati &#8211; 1. septembrist ning kuni 31. augustini. \u00d5ppe- ja kasvatustegevuse korraldamisel toimub tegevuste kavandamine 1. septembrist kuni 31. maini. N\u00e4dalate- ja kuuplaanid koostatakse 15. septembrist kuni 15. maini. Koolivaheaegadel planeeritakse n\u00e4dalakavas \u00f5pitu kordamist, kinnistatakse omandatud teadmisi ja kogemusi erinevates m\u00e4ngulistes [&hellip;]<\/p>\n","protected":false},"author":7,"featured_media":0,"parent":0,"menu_order":0,"comment_status":"closed","ping_status":"closed","template":"","meta":{"_uag_custom_page_level_css":"","site-sidebar-layout":"default","site-content-layout":"","ast-site-content-layout":"default","site-content-style":"default","site-sidebar-style":"default","ast-global-header-display":"","ast-banner-title-visibility":"","ast-main-header-display":"","ast-hfb-above-header-display":"","ast-hfb-below-header-display":"","ast-hfb-mobile-header-display":"","site-post-title":"","ast-breadcrumbs-content":"","ast-featured-img":"","footer-sml-layout":"","ast-disable-related-posts":"","theme-transparent-header-meta":"","adv-header-id-meta":"","stick-header-meta":"","header-above-stick-meta":"","header-main-stick-meta":"","header-below-stick-meta":"","astra-migrate-meta-layouts":"set","ast-page-background-enabled":"default","ast-page-background-meta":{"desktop":{"background-color":"var(--ast-global-color-4)","background-image":"","background-repeat":"repeat","background-position":"center center","background-size":"auto","background-attachment":"scroll","background-type":"","background-media":"","overlay-type":"","overlay-color":"","overlay-opacity":"","overlay-gradient":""},"tablet":{"background-color":"","background-image":"","background-repeat":"repeat","background-position":"center center","background-size":"auto","background-attachment":"scroll","background-type":"","background-media":"","overlay-type":"","overlay-color":"","overlay-opacity":"","overlay-gradient":""},"mobile":{"background-color":"","background-image":"","background-repeat":"repeat","background-position":"center center","background-size":"auto","background-attachment":"scroll","background-type":"","background-media":"","overlay-type":"","overlay-color":"","overlay-opacity":"","overlay-gradient":""}},"ast-content-background-meta":{"desktop":{"background-color":"var(--ast-global-color-5)","background-image":"","background-repeat":"repeat","background-position":"center center","background-size":"auto","background-attachment":"scroll","background-type":"","background-media":"","overlay-type":"","overlay-color":"","overlay-opacity":"","overlay-gradient":""},"tablet":{"background-color":"var(--ast-global-color-5)","background-image":"","background-repeat":"repeat","background-position":"center center","background-size":"auto","background-attachment":"scroll","background-type":"","background-media":"","overlay-type":"","overlay-color":"","overlay-opacity":"","overlay-gradient":""},"mobile":{"background-color":"var(--ast-global-color-5)","background-image":"","background-repeat":"repeat","background-position":"center center","background-size":"auto","background-attachment":"scroll","background-type":"","background-media":"","overlay-type":"","overlay-color":"","overlay-opacity":"","overlay-gradient":""}},"footnotes":""},"class_list":["post-229","page","type-page","status-publish","hentry"],"uagb_featured_image_src":{"full":false,"thumbnail":false,"medium":false,"medium_large":false,"large":false,"1536x1536":false,"2048x2048":false},"uagb_author_info":{"display_name":"Tiina","author_link":"https:\/\/lasteaed.joelahtme.ee\/loo\/author\/anneli\/"},"uagb_comment_info":0,"uagb_excerpt":"Lasteaed on avatud aastaringselt,&nbsp;v\u00e4lja arvatud suveperioodil neli n\u00e4dalat (kollektiivpuhkus). \u00d5ppe- ja kasvatustegevus on korraldatud \u00f5ppeaastati &#8211; 1. septembrist ning kuni 31. augustini. \u00d5ppe- ja kasvatustegevuse korraldamisel toimub tegevuste kavandamine 1. septembrist kuni 31. maini. N\u00e4dalate- ja kuuplaanid koostatakse 15. septembrist kuni 15. maini. Koolivaheaegadel planeeritakse n\u00e4dalakavas \u00f5pitu kordamist, kinnistatakse omandatud teadmisi ja kogemusi erinevates m\u00e4ngulistes&hellip;","_links":{"self":[{"href":"https:\/\/lasteaed.joelahtme.ee\/loo\/wp-json\/wp\/v2\/pages\/229","targetHints":{"allow":["GET"]}}],"collection":[{"href":"https:\/\/lasteaed.joelahtme.ee\/loo\/wp-json\/wp\/v2\/pages"}],"about":[{"href":"https:\/\/lasteaed.joelahtme.ee\/loo\/wp-json\/wp\/v2\/types\/page"}],"author":[{"embeddable":true,"href":"https:\/\/lasteaed.joelahtme.ee\/loo\/wp-json\/wp\/v2\/users\/7"}],"replies":[{"embeddable":true,"href":"https:\/\/lasteaed.joelahtme.ee\/loo\/wp-json\/wp\/v2\/comments?post=229"}],"version-history":[{"count":5,"href":"https:\/\/lasteaed.joelahtme.ee\/loo\/wp-json\/wp\/v2\/pages\/229\/revisions"}],"predecessor-version":[{"id":1668,"href":"https:\/\/lasteaed.joelahtme.ee\/loo\/wp-json\/wp\/v2\/pages\/229\/revisions\/1668"}],"wp:attachment":[{"href":"https:\/\/lasteaed.joelahtme.ee\/loo\/wp-json\/wp\/v2\/media?parent=229"}],"curies":[{"name":"wp","href":"https:\/\/api.w.org\/{rel}","templated":true}]}}