{"id":16,"date":"2020-05-11T07:18:32","date_gmt":"2020-05-11T07:18:32","guid":{"rendered":"http:\/\/localhost\/loo\/?page_id=16"},"modified":"2025-08-14T12:27:05","modified_gmt":"2025-08-14T10:27:05","slug":"kontakt","status":"publish","type":"page","link":"https:\/\/lasteaed.joelahtme.ee\/loo\/kontakt\/","title":{"rendered":"Kontakt"},"content":{"rendered":"\n<div class=\"wp-block-columns is-layout-flex wp-container-core-columns-is-layout-28f84493 wp-block-columns-is-layout-flex\">\n<div class=\"wp-block-column is-layout-flow wp-block-column-is-layout-flow\" style=\"flex-basis:50%\">\n<figure class=\"wp-block-image alignleft size-medium\"><img loading=\"lazy\" decoding=\"async\" width=\"300\" height=\"212\" src=\"http:\/\/lasteaed.joelahtme.ee\/loo\/wp-content\/uploads\/sites\/3\/2021\/06\/paasupesa-logo-300x212.jpg\" alt=\"\" class=\"wp-image-37\" srcset=\"https:\/\/lasteaed.joelahtme.ee\/loo\/wp-content\/uploads\/sites\/3\/2021\/06\/paasupesa-logo-300x212.jpg 300w, https:\/\/lasteaed.joelahtme.ee\/loo\/wp-content\/uploads\/sites\/3\/2021\/06\/paasupesa-logo-120x85.jpg 120w, https:\/\/lasteaed.joelahtme.ee\/loo\/wp-content\/uploads\/sites\/3\/2021\/06\/paasupesa-logo.jpg 393w\" sizes=\"auto, (max-width: 300px) 100vw, 300px\" \/><\/figure>\n<\/div>\n\n\n\n<div class=\"wp-block-column is-layout-flow wp-block-column-is-layout-flow\" style=\"flex-basis:50%\">\n<h4 class=\"wp-block-heading\">Loo Lasteaed P\u00e4\u00e4supesa<\/h4>\n\n\n\n<p><strong>Saha tee 12<br>Loo 74201<br>J\u00f5el\u00e4htme vald<br>Harjumaa<br><a href=\"mailto:loopesa@gmail.com\">loopesa@gmail.com<\/a> <\/strong><br><strong>608 2535<\/strong><\/p>\n\n\n\n<p>Direktori kt: Anneli K\u00fcngas 608 2535; 512 4107<br>anneli.kungas@loolasteaed.ee<br><\/p>\n\n\n\n<p>\u00d5ppealajuhataja: Helena Taaksalu 608 2535<br>helena.taaksalu@loolasteaed.ee; loopesa@gmail.com<\/p>\n\n\n\n<p>Majandusjuhataja: Karin Ajamaa 502 8947<br>majandusjuhataja@loolasteaed.ee; karin.ajamaa@loolasteaed.ee<\/p>\n\n\n\n<p>Sekret\u00e4r:    608 2535                   loopesa@gmail.com; sekretar@loolasteaed.ee<\/p>\n\n\n\n<p><a href=\"http:\/\/lasteaed.joelahtme.ee\/loo\/ruhmad\/\" data-type=\"page\" data-id=\"10\">R\u00fchmade kontaktid leiad siit.<\/a><\/p>\n<\/div>\n<\/div>\n\n\n\t\t\t<div \n\t\t\tclass=\"wp-block-uagb-google-map uagb-google-map__wrap uagb-block-cb349be5     \"\n\t\t\tstyle=\"\" >\n\t\t\t\t<embed\n\t\t\t\t\tclass=\"uagb-google-map__iframe\"\n\t\t\t\t\ttitle=\"Google Map for \"\n\t\t\t\t\tsrc=\"https:\/\/maps.google.com\/maps?q=Saha%20tee%2012%20Loo&#038;z=12&#038;hl=en&#038;t=m&#038;output=embed&#038;iwloc=near\"\n\t\t\t\t\twidth=\"640\"\n\t\t\t\t\theight=\"300\"\n\t\t\t\t\tloading=\"lazy\"\n\t\t\t\t><\/embed>\n\t\t\t<\/div>\n\t\t\t","protected":false},"excerpt":{"rendered":"<p>Loo Lasteaed P\u00e4\u00e4supesa Saha tee 12Loo 74201J\u00f5el\u00e4htme valdHarjumaaloopesa@gmail.com 608 2535 Direktori kt: Anneli K\u00fcngas 608 2535; 512 4107anneli.kungas@loolasteaed.ee \u00d5ppealajuhataja: Helena Taaksalu 608 2535helena.taaksalu@loolasteaed.ee; loopesa@gmail.com Majandusjuhataja: Karin Ajamaa 502 8947majandusjuhataja@loolasteaed.ee; karin.ajamaa@loolasteaed.ee Sekret\u00e4r: 608 2535 loopesa@gmail.com; sekretar@loolasteaed.ee R\u00fchmade kontaktid leiad siit.<\/p>\n","protected":false},"author":1,"featured_media":0,"parent":0,"menu_order":0,"comment_status":"closed","ping_status":"closed","template":"","meta":{"_uag_custom_page_level_css":"","site-sidebar-layout":"default","site-content-layout":"default","ast-site-content-layout":"default","site-content-style":"default","site-sidebar-style":"default","ast-global-header-display":"","ast-banner-title-visibility":"","ast-main-header-display":"","ast-hfb-above-header-display":"","ast-hfb-below-header-display":"","ast-hfb-mobile-header-display":"","site-post-title":"","ast-breadcrumbs-content":"","ast-featured-img":"","footer-sml-layout":"","ast-disable-related-posts":"","theme-transparent-header-meta":"default","adv-header-id-meta":"","stick-header-meta":"","header-above-stick-meta":"","header-main-stick-meta":"","header-below-stick-meta":"","astra-migrate-meta-layouts":"set","ast-page-background-enabled":"default","ast-page-background-meta":{"desktop":{"background-color":"var(--ast-global-color-4)","background-image":"","background-repeat":"repeat","background-position":"center center","background-size":"auto","background-attachment":"scroll","background-type":"","background-media":"","overlay-type":"","overlay-color":"","overlay-opacity":"","overlay-gradient":""},"tablet":{"background-color":"","background-image":"","background-repeat":"repeat","background-position":"center center","background-size":"auto","background-attachment":"scroll","background-type":"","background-media":"","overlay-type":"","overlay-color":"","overlay-opacity":"","overlay-gradient":""},"mobile":{"background-color":"","background-image":"","background-repeat":"repeat","background-position":"center center","background-size":"auto","background-attachment":"scroll","background-type":"","background-media":"","overlay-type":"","overlay-color":"","overlay-opacity":"","overlay-gradient":""}},"ast-content-background-meta":{"desktop":{"background-color":"var(--ast-global-color-5)","background-image":"","background-repeat":"repeat","background-position":"center center","background-size":"auto","background-attachment":"scroll","background-type":"","background-media":"","overlay-type":"","overlay-color":"","overlay-opacity":"","overlay-gradient":""},"tablet":{"background-color":"var(--ast-global-color-5)","background-image":"","background-repeat":"repeat","background-position":"center center","background-size":"auto","background-attachment":"scroll","background-type":"","background-media":"","overlay-type":"","overlay-color":"","overlay-opacity":"","overlay-gradient":""},"mobile":{"background-color":"var(--ast-global-color-5)","background-image":"","background-repeat":"repeat","background-position":"center center","background-size":"auto","background-attachment":"scroll","background-type":"","background-media":"","overlay-type":"","overlay-color":"","overlay-opacity":"","overlay-gradient":""}},"footnotes":""},"class_list":["post-16","page","type-page","status-publish","hentry"],"uagb_featured_image_src":{"full":false,"thumbnail":false,"medium":false,"medium_large":false,"large":false,"1536x1536":false,"2048x2048":false},"uagb_author_info":{"display_name":"Kalev","author_link":"https:\/\/lasteaed.joelahtme.ee\/loo\/author\/kalev\/"},"uagb_comment_info":0,"uagb_excerpt":"Loo Lasteaed P\u00e4\u00e4supesa Saha tee 12Loo 74201J\u00f5el\u00e4htme valdHarjumaaloopesa@gmail.com 608 2535 Direktori kt: Anneli K\u00fcngas 608 2535; 512 4107anneli.kungas@loolasteaed.ee \u00d5ppealajuhataja: Helena Taaksalu 608 2535helena.taaksalu@loolasteaed.ee; loopesa@gmail.com Majandusjuhataja: Karin Ajamaa 502 8947majandusjuhataja@loolasteaed.ee; karin.ajamaa@loolasteaed.ee Sekret\u00e4r: 608 2535 loopesa@gmail.com; sekretar@loolasteaed.ee R\u00fchmade kontaktid leiad siit.","_links":{"self":[{"href":"https:\/\/lasteaed.joelahtme.ee\/loo\/wp-json\/wp\/v2\/pages\/16","targetHints":{"allow":["GET"]}}],"collection":[{"href":"https:\/\/lasteaed.joelahtme.ee\/loo\/wp-json\/wp\/v2\/pages"}],"about":[{"href":"https:\/\/lasteaed.joelahtme.ee\/loo\/wp-json\/wp\/v2\/types\/page"}],"author":[{"embeddable":true,"href":"https:\/\/lasteaed.joelahtme.ee\/loo\/wp-json\/wp\/v2\/users\/1"}],"replies":[{"embeddable":true,"href":"https:\/\/lasteaed.joelahtme.ee\/loo\/wp-json\/wp\/v2\/comments?post=16"}],"version-history":[{"count":29,"href":"https:\/\/lasteaed.joelahtme.ee\/loo\/wp-json\/wp\/v2\/pages\/16\/revisions"}],"predecessor-version":[{"id":1605,"href":"https:\/\/lasteaed.joelahtme.ee\/loo\/wp-json\/wp\/v2\/pages\/16\/revisions\/1605"}],"wp:attachment":[{"href":"https:\/\/lasteaed.joelahtme.ee\/loo\/wp-json\/wp\/v2\/media?parent=16"}],"curies":[{"name":"wp","href":"https:\/\/api.w.org\/{rel}","templated":true}]}}