{"id":810,"date":"2022-09-12T08:42:50","date_gmt":"2022-09-12T08:42:50","guid":{"rendered":"http:\/\/lasteaed.joelahtme.ee\/kostivere\/?page_id=810"},"modified":"2025-09-05T08:08:08","modified_gmt":"2025-09-05T08:08:08","slug":"erasmus","status":"publish","type":"page","link":"https:\/\/lasteaed.joelahtme.ee\/kostivere\/erasmus\/","title":{"rendered":"Erasmus+"},"content":{"rendered":"\n<figure class=\"wp-block-image alignright size-large is-resized\"><img loading=\"lazy\" decoding=\"async\" width=\"1024\" height=\"292\" src=\"http:\/\/lasteaed.joelahtme.ee\/kostivere\/wp-content\/uploads\/sites\/2\/2022\/09\/EU-flag-Erasmus_vect_POS-1024x292.jpg\" alt=\"\" class=\"wp-image-814\" style=\"width:346px;height:99px\" srcset=\"https:\/\/lasteaed.joelahtme.ee\/kostivere\/wp-content\/uploads\/sites\/2\/2022\/09\/EU-flag-Erasmus_vect_POS-1024x292.jpg 1024w, https:\/\/lasteaed.joelahtme.ee\/kostivere\/wp-content\/uploads\/sites\/2\/2022\/09\/EU-flag-Erasmus_vect_POS-300x86.jpg 300w, https:\/\/lasteaed.joelahtme.ee\/kostivere\/wp-content\/uploads\/sites\/2\/2022\/09\/EU-flag-Erasmus_vect_POS-768x219.jpg 768w, https:\/\/lasteaed.joelahtme.ee\/kostivere\/wp-content\/uploads\/sites\/2\/2022\/09\/EU-flag-Erasmus_vect_POS-1536x439.jpg 1536w, https:\/\/lasteaed.joelahtme.ee\/kostivere\/wp-content\/uploads\/sites\/2\/2022\/09\/EU-flag-Erasmus_vect_POS.jpg 1964w\" sizes=\"auto, (max-width: 1024px) 100vw, 1024px\" \/><\/figure>\n\n\n\n<figure class=\"wp-block-image size-large is-resized\"><img decoding=\"async\" src=\"http:\/\/lasteaed.joelahtme.ee\/kostivere\/wp-content\/uploads\/sites\/2\/2023\/06\/ET-Kaasrahastanud-Euroopa-Liit_POS-scaled.jpg\" alt=\"\" style=\"width:429px;height:103px\" \/><\/figure>\n\n\n\n<p><strong>Rahastaja:\u00a0Erasmus+ programm ( http:\/\/ec.europa.eu\/programmes\/erasmus-plus)<\/strong><\/p>\n\n\n\n<p><strong><strong>Projekti nimi:<\/strong> <\/strong><strong>Tulevikku suunatud lasteaed: j\u00e4tkame innovatsiooni, koost\u00f6\u00f6 ja arengu teed.<\/strong><\/p>\n\n\n\n<p><strong>Projekti elluviimise aeg:<\/strong> 01.08.25-31.01.27<\/p>\n\n\n\n<p><strong>Eesm\u00e4rk:<\/strong><\/p>\n\n\n\n<p>1.Lasteaias on rakendunud j\u00e4rjepidev lapsest l\u00e4htuv \u00f5pe, mis toetab loovust, iseseisvust ja sotsiaalsete oskuste arengut. \u00d5pikeskkond ja aktiiv\u00f5ppe metoodikad pakuvad mitmekesiseid \u00f5ppimisv\u00f5imalusi.<\/p>\n\n\n\n<p>2.Haridust\u00f6\u00f6tajate pedagoogilised ja digip\u00e4devused on arenenud rahvusvahelise koost\u00f6\u00f6 ja koolituste toel. Lasteaias rakendatakse uuenduslikke \u00f5ppemeetodeid, mis toetavad laste<br>mitmek\u00fclgset arengut.<\/p>\n\n\n\n<p class=\"has-text-align-center\">********<\/p>\n\n\n\n<p><strong>Rahastaja:&nbsp;Erasmus+ programm ( http:\/\/ec.europa.eu\/programmes\/erasmus-plus)<\/strong><\/p>\n\n\n\n<p><strong><strong>Projekti nimi:&nbsp;\u201eN\u00fc\u00fcdisaegne<\/strong> \u00f5pik\u00e4situs kui tervikliku arengu alus&#8221;.<\/strong><\/p>\n\n\n\n<p><strong>Projekti elluviimise aeg:<\/strong> 01.06.23-30.11.24<\/p>\n\n\n\n<p><strong>Eesm\u00e4rk:<\/strong><\/p>\n\n\n\n<ol class=\"wp-block-list\">\n<li>Kostivere Lasteaia \u00f5petamise ja \u00f5ppe kvaliteet on t\u00f5usnud, meil on n\u00fc\u00fcdisaegne ja loovat ning keskkonnateadlikku m\u00f5tlemist arendav \u00f5pikeskkond.<\/li>\n\n\n\n<li>Rakendunud on iga \u00f5ppija individuaalset ja sotsiaalset arengut toetav, \u00f5pioskusi, loovust ja ettev\u00f5tlikkust arendav \u00f5pik\u00e4situs ning aktiiv\u00f5pe on muutunud meie organisatsioonikultuuri osaks.<\/li>\n<\/ol>\n\n\n\n<p>Projekti raames toimusid rahvusvahelised koolitused Itaalias ja Kreekas, kus \u00f5petajad l\u00e4bisid neli v\u00e4ga huvitavat ja inspireerivat erinevat koolitusprogrammi. Need programmid keskendusid aktiiv\u00f5ppemeetodite, projekt\u00f5ppe lahenduste, STEM\/STEAM\/STREAM hariduse propageerimise, digitaalsete t\u00f6\u00f6riistade ja kaasahaarava ning kaasaegse \u00f5pikeskkonna loomise tutvustamisele.<\/p>\n<p>20.05.\u201325.05.2024 osaleti koolitusel\u00a0 \u201eProject-Based Learning for Pre-school\u201c Firenzes. Kursuse k\u00e4igus avastati projekt\u00f5pet erinevate n\u00e4idete kaudu ja saadi teada,\u00a0kuidas projekt\u00f5ppe\u00a0 metoodikat\u00a0oma t\u00f6\u00f6sse\u00a0 kaasata.<br \/>16.09-22.09.2024 v\u00f5eti osa koolitusest \u201eSTEAM education\u201cHeraklionis. Kursusel tutvustati \u00a0STEAM-haridus v\u00f5imalusi \u00f5petada aineid struktureeritult, kuid m\u00e4ngulises keskkonnas, tuues esile ainete ja p\u00e4riseluliste olukordade vahelised seosed.<br \/><span style=\"font-size: 1rem;color: var(--ast-global-color-3);background-color: var(--ast-global-color-4)\">23.09.\u201327.09.2024 osaleti\u00a0 koolitusel \u201cEESTEAM &#8211; Early Education STEAM &#8211; Pedagogical Innovations for STEM, STEAM, STREAM, differentiated learning\u201d Ateenas, kus p\u00f5hir\u00f5hk oli STEM\/STEAM\/STREAM hariduse t\u00e4htsusel ja selle rollil laste \u00a0kriitilise m\u00f5tlemise ja loovuse arendamisel.<br \/><\/span><span style=\"font-size: 1rem;color: var(--ast-global-color-3);background-color: var(--ast-global-color-4)\">30.09<\/span><strong style=\"font-size: 1rem;color: var(--ast-global-color-3);background-color: var(--ast-global-color-4)\">.\u2013<\/strong><span style=\"font-size: 1rem;color: var(--ast-global-color-3);background-color: var(--ast-global-color-4)\">05.10.2024 \u00a0v\u00f5eti osa koolitusest\u00a0 \u201eGame Desingn for Teaching and Learning\u201c Firenzes. Kursus pakkus inspiratsiooni ja praktilisi kogemusi selle kohta, kuidas m\u00e4ngup\u00f5hine \u00f5pe ja m\u00e4ngude disain on t\u00f5husad vahendid laste motiveerimiseks ja kaasamiseks.<br \/><\/span>Kultuuritegevuste ja k\u00fclastuste kaudu tutvuti sihtmaade ajaloo ja traditsioonidega.<br \/>\u00d5pir\u00e4ndel osalejad said v\u00e4\u00e4rtuslikke kogemusi vahetada Euroopa kolleegidega ning paljud kasulikud ideed on juba t\u00f6\u00f6sse rakendatud. T\u00e4nu projektile oleme \u00fcheskoos leidnud ja kasutusele v\u00f5tnud lahendusi aktiiv\u00f5ppe edendamiseks ja \u00f5pikeskkonna kaasajastamiseks, mis soodustab loovat ja keskkonnateadlikku m\u00f5tlemist. Samuti on paranenud meeskonnat\u00f6\u00f6, \u00fchtne arusaam organisatsioonikultuurist ja julgus uuendusi ellu viia.<\/p>\n\n\n\n<p class=\"has-text-align-center\">************<\/p>\n\n\n\n<p><strong>Projekti nimi:&nbsp;\u201e\u00d5ues\u00f5pe kui Kostivere Lasteaia organisatsioonikultuuri osa\u201c.<\/strong><\/p>\n\n\n\n<p><strong>Rahastaja:&nbsp;Erasmus+ programm ( http:\/\/ec.europa.eu\/programmes\/erasmus-plus)<\/strong><\/p>\n\n\n\n<p><strong>Projekti elluviimise aeg:<\/strong> 01.06.22-31.05.23<\/p>\n\n\n\n<p>2022.a sai Kostivere Lasteaed toetust Erasmus+ programmi projektile \u201c \u201e\u00d5ues\u00f5pe kui Kostivere Lasteaia organisatsioonikultuuri osa\u201c, mille raames osalesid 8 \u00f5petajat rahvusvahelistel koolitustel.<\/p>\n\n\n\n<p><strong>Eesm\u00e4rk:<\/strong><\/p>\n\n\n\n<ol class=\"wp-block-list\">\n<li>Rakendunud on iga \u00f5ppija individuaalset ja sotsiaalset arengut toetav, \u00f5pioskusi, loovust ja ettev\u00f5tlikkust arendav \u00f5pik\u00e4situs ning \u00f5ues\u00f5pe on muutunud meie organisatsioonikultuuri osaks.<\/li>\n\n\n\n<li>Kostivere Lasteaia \u00f5petamise ja \u00f5ppe kvaliteet on t\u00f5usnud, meil on kaasaegne ja loovat ning keskkonnateadlikku&nbsp; m\u00f5tlemist arendav \u00f5pikeskkond<\/li>\n<\/ol>\n\n\n\n<p>Kaili Raamat, Eike Betlem, Kaire K\u00e4\u00e4rik ja &nbsp;Anneli Ottep &nbsp;k\u00e4isid koolitusel \u201eOutdoor education \u2013 to improve pupils participation and fight drop out\u201c Itaalias, kust nad said uusi kogemusi ja praktilisi teadmisi \u00f5ues\u00f5ppe kohta. Jana Aasla, Angelika Anderson,Hegne Lend ja Meeli L\u00f5iv osalesid koolitusel \u201eArt and Environment\u201c&nbsp;&nbsp; K\u00fcprosel, kus saadi inspiratsiooni ja praktilisi kogemusi looduses erinevate kunstitegevuste ja m\u00e4ngude l\u00e4biviimise kohta.<\/p>\n\n\n\n<p>Koolitused olid v\u00e4ga&nbsp; huvitavad ja motiveerivad. \u00d5pir\u00e4ndel osalejatel oli tore ja arendav vahetada erinevate Euroopa \u00f5petajate kogemusi ning paljud toredad m\u00f5tted on&nbsp; juba aktiivselt&nbsp; kasutusele&nbsp; v\u00f5etud&nbsp; enda t\u00f6\u00f6s. T\u00e4nu projektile oleme \u00fchiselt leidnud ja kasutusele v\u00f5tnud lahendusi \u00f5ues\u00f5ppe arendamiseks Paranenud on&nbsp; meeskondlik koost\u00f6\u00f6 ning \u00fchene organisatsioonikultuuri m\u00f5istmine&nbsp; ja julgus uuenduste juurutamiseks.<\/p>\n\n\n\n<figure class=\"wp-block-image size-large is-resized\"><img decoding=\"async\" src=\"http:\/\/lasteaed.joelahtme.ee\/kostivere\/wp-content\/uploads\/sites\/2\/2023\/06\/Soverato-Itaalia-scaled.jpg\" alt=\"\" style=\"width:459px;height:344px\" \/><\/figure>\n\n\n\n<figure class=\"wp-block-image size-large is-resized\"><img decoding=\"async\" src=\"http:\/\/lasteaed.joelahtme.ee\/kostivere\/wp-content\/uploads\/sites\/2\/2023\/06\/Kupros.jpeg\" alt=\"\" style=\"width:458px;height:344px\" \/><\/figure>\n","protected":false},"excerpt":{"rendered":"<p>Rahastaja:\u00a0Erasmus+ programm ( http:\/\/ec.europa.eu\/programmes\/erasmus-plus) Projekti nimi: Tulevikku suunatud lasteaed: j\u00e4tkame innovatsiooni, koost\u00f6\u00f6 ja arengu teed. Projekti elluviimise aeg: 01.08.25-31.01.27 Eesm\u00e4rk: 1.Lasteaias on rakendunud j\u00e4rjepidev lapsest l\u00e4htuv \u00f5pe, mis toetab loovust, iseseisvust ja sotsiaalsete oskuste arengut. \u00d5pikeskkond ja aktiiv\u00f5ppe metoodikad pakuvad mitmekesiseid \u00f5ppimisv\u00f5imalusi. 2.Haridust\u00f6\u00f6tajate pedagoogilised ja digip\u00e4devused on arenenud rahvusvahelise koost\u00f6\u00f6 ja koolituste toel. Lasteaias rakendatakse [&hellip;]<\/p>\n","protected":false},"author":6,"featured_media":0,"parent":0,"menu_order":0,"comment_status":"closed","ping_status":"closed","template":"","meta":{"_uag_custom_page_level_css":"","site-sidebar-layout":"default","site-content-layout":"","ast-site-content-layout":"default","site-content-style":"default","site-sidebar-style":"default","ast-global-header-display":"","ast-banner-title-visibility":"","ast-main-header-display":"","ast-hfb-above-header-display":"","ast-hfb-below-header-display":"","ast-hfb-mobile-header-display":"","site-post-title":"","ast-breadcrumbs-content":"","ast-featured-img":"","footer-sml-layout":"","ast-disable-related-posts":"","theme-transparent-header-meta":"","adv-header-id-meta":"","stick-header-meta":"","header-above-stick-meta":"","header-main-stick-meta":"","header-below-stick-meta":"","astra-migrate-meta-layouts":"set","ast-page-background-enabled":"default","ast-page-background-meta":{"desktop":{"background-color":"var(--ast-global-color-4)","background-image":"","background-repeat":"repeat","background-position":"center center","background-size":"auto","background-attachment":"scroll","background-type":"","background-media":"","overlay-type":"","overlay-color":"","overlay-opacity":"","overlay-gradient":""},"tablet":{"background-color":"","background-image":"","background-repeat":"repeat","background-position":"center center","background-size":"auto","background-attachment":"scroll","background-type":"","background-media":"","overlay-type":"","overlay-color":"","overlay-opacity":"","overlay-gradient":""},"mobile":{"background-color":"","background-image":"","background-repeat":"repeat","background-position":"center center","background-size":"auto","background-attachment":"scroll","background-type":"","background-media":"","overlay-type":"","overlay-color":"","overlay-opacity":"","overlay-gradient":""}},"ast-content-background-meta":{"desktop":{"background-color":"var(--ast-global-color-5)","background-image":"","background-repeat":"repeat","background-position":"center center","background-size":"auto","background-attachment":"scroll","background-type":"","background-media":"","overlay-type":"","overlay-color":"","overlay-opacity":"","overlay-gradient":""},"tablet":{"background-color":"var(--ast-global-color-5)","background-image":"","background-repeat":"repeat","background-position":"center center","background-size":"auto","background-attachment":"scroll","background-type":"","background-media":"","overlay-type":"","overlay-color":"","overlay-opacity":"","overlay-gradient":""},"mobile":{"background-color":"var(--ast-global-color-5)","background-image":"","background-repeat":"repeat","background-position":"center center","background-size":"auto","background-attachment":"scroll","background-type":"","background-media":"","overlay-type":"","overlay-color":"","overlay-opacity":"","overlay-gradient":""}},"footnotes":""},"class_list":["post-810","page","type-page","status-publish","hentry"],"uagb_featured_image_src":{"full":false,"thumbnail":false,"medium":false,"medium_large":false,"large":false,"1536x1536":false,"2048x2048":false},"uagb_author_info":{"display_name":"jana","author_link":"https:\/\/lasteaed.joelahtme.ee\/kostivere\/author\/jana\/"},"uagb_comment_info":0,"uagb_excerpt":"Rahastaja:\u00a0Erasmus+ programm ( http:\/\/ec.europa.eu\/programmes\/erasmus-plus) Projekti nimi: Tulevikku suunatud lasteaed: j\u00e4tkame innovatsiooni, koost\u00f6\u00f6 ja arengu teed. Projekti elluviimise aeg: 01.08.25-31.01.27 Eesm\u00e4rk: 1.Lasteaias on rakendunud j\u00e4rjepidev lapsest l\u00e4htuv \u00f5pe, mis toetab loovust, iseseisvust ja sotsiaalsete oskuste arengut. \u00d5pikeskkond ja aktiiv\u00f5ppe metoodikad pakuvad mitmekesiseid \u00f5ppimisv\u00f5imalusi. 2.Haridust\u00f6\u00f6tajate pedagoogilised ja digip\u00e4devused on arenenud rahvusvahelise koost\u00f6\u00f6 ja koolituste toel. Lasteaias rakendatakse&hellip;","_links":{"self":[{"href":"https:\/\/lasteaed.joelahtme.ee\/kostivere\/wp-json\/wp\/v2\/pages\/810","targetHints":{"allow":["GET"]}}],"collection":[{"href":"https:\/\/lasteaed.joelahtme.ee\/kostivere\/wp-json\/wp\/v2\/pages"}],"about":[{"href":"https:\/\/lasteaed.joelahtme.ee\/kostivere\/wp-json\/wp\/v2\/types\/page"}],"author":[{"embeddable":true,"href":"https:\/\/lasteaed.joelahtme.ee\/kostivere\/wp-json\/wp\/v2\/users\/6"}],"replies":[{"embeddable":true,"href":"https:\/\/lasteaed.joelahtme.ee\/kostivere\/wp-json\/wp\/v2\/comments?post=810"}],"version-history":[{"count":15,"href":"https:\/\/lasteaed.joelahtme.ee\/kostivere\/wp-json\/wp\/v2\/pages\/810\/revisions"}],"predecessor-version":[{"id":1395,"href":"https:\/\/lasteaed.joelahtme.ee\/kostivere\/wp-json\/wp\/v2\/pages\/810\/revisions\/1395"}],"wp:attachment":[{"href":"https:\/\/lasteaed.joelahtme.ee\/kostivere\/wp-json\/wp\/v2\/media?parent=810"}],"curies":[{"name":"wp","href":"https:\/\/api.w.org\/{rel}","templated":true}]}}