{"id":394,"date":"2021-11-03T13:41:17","date_gmt":"2021-11-03T13:41:17","guid":{"rendered":"http:\/\/lasteaed.joelahtme.ee\/kostivere\/?page_id=394"},"modified":"2025-06-09T07:30:08","modified_gmt":"2025-06-09T07:30:08","slug":"2021-22","status":"publish","type":"page","link":"https:\/\/lasteaed.joelahtme.ee\/kostivere\/2021-22\/","title":{"rendered":"2024\/2025"},"content":{"rendered":"\n<div class=\"wp-block-group is-nowrap is-layout-flex wp-container-core-group-is-layout-6c531013 wp-block-group-is-layout-flex\">\n<p><\/p>\n\n\n\n<figure class=\"wp-block-table alignleft is-style-stripes\"><table><tbody><tr><td>Koosseis<\/td><td><\/td><\/tr><tr><td>Teele P\u00e4hn&nbsp;&nbsp;<\/td><td>esimees, P\u00f5nnipesa r\u00fchma esindaja<\/td><\/tr><tr><td>Jaanika Keningi<\/td><td>aseesimees, Pesamuna r\u00fchma esindaja<\/td><\/tr><tr><td>Melissa Riso<\/td><td>Vigurv\u00e4ntade r\u00fchma esindaja<\/td><\/tr><tr><td>Sigrit Dulder<\/td><td>Vanderp\u00f5nnide r\u00fchma esindaja<\/td><\/tr><tr><td>Annika Treiman<\/td><td>R\u00f5\u00f5mupesa&nbsp;r\u00fchma esindaja<\/td><\/tr><tr><td>Melissa Riso&nbsp;&nbsp;<\/td><td>&nbsp;P\u00e4ikesekiirte r\u00fchma esindaja<\/td><\/tr><tr><td>Pille Birkholtz-Ilings<\/td><td>Naerulindude&nbsp;r\u00fchma esindaja<\/td><\/tr><tr><td>Agnes Saarist<\/td><td>Lepatriinude r\u00fchma esindaja<\/td><\/tr><tr><td>Angelika Anderson&nbsp;<\/td><td>\u00f5petajate esindaja<\/td><\/tr><tr><td>Carmen Viherpuu<\/td><td>valla esindaja<\/td><\/tr><tr><td><a href=\"http:\/\/lasteaed.joelahtme.ee\/kostivere\/wp-content\/uploads\/sites\/2\/2024\/12\/Kostivere_Lasteaia_hoolekogu_protokoll_29_10_2024.pdf\">Protokoll nr 1 <\/a><br><a href=\"http:\/\/lasteaed.joelahtme.ee\/kostivere\/wp-content\/uploads\/sites\/2\/2025\/01\/Hoolekogu_protokoll-27-11-2024.pdf\">Protokoll nr 2<\/a><br><a href=\"http:\/\/lasteaed.joelahtme.ee\/kostivere\/wp-content\/uploads\/sites\/2\/2025\/01\/KL_hoolekogu_protokoll_15_1_25.pdf\">Protokoll nr 3<\/a><br><a href=\"http:\/\/lasteaed.joelahtme.ee\/kostivere\/wp-content\/uploads\/sites\/2\/2025\/05\/Hoolekogu_protokoll-12-03-2025.pdf\">Protokoll nr 4<\/a><br><a href=\"http:\/\/lasteaed.joelahtme.ee\/kostivere\/wp-content\/uploads\/sites\/2\/2025\/06\/Hoolekogu_protokoll_21-05-2025.pdf\">Protokoll nr 5<\/a><br> <br><br><\/td><td><\/td><\/tr><\/tbody><\/table><\/figure>\n<\/div>\n\n\n\n<figure class=\"wp-block-table alignleft is-style-stripes\"><table><tbody><tr><td>Asendusliikmed<\/td><td><\/td><\/tr><tr><td>Maret Helenurm<\/td><td>P\u00f5nnipesa<\/td><\/tr><tr><td>Maria Vares<\/td><td>Pesamuna<\/td><\/tr><tr><td>Kristjan-Todor \u0160anin<\/td><td>Vigurv\u00e4ndad&nbsp;<\/td><\/tr><tr><td>Anna-Liis Kaasik<\/td><td>Vanderp\u00f5nnid<\/td><\/tr><tr><td>Veiko Kurs<\/td><td>R\u00f5\u00f5mupesa<\/td><\/tr><tr><td>Tessa Valgepea<\/td><td>P\u00e4ikesekiired<\/td><\/tr><tr><td>Margit R\u00fcngenen<\/td><td>Naerulinnud<\/td><\/tr><tr><td>Kaire Varik Pires<\/td><td>Lepatriinud<\/td><\/tr><\/tbody><\/table><\/figure>\n\n\n\n<p><\/p>\n","protected":false},"excerpt":{"rendered":"<p>Koosseis Teele P\u00e4hn&nbsp;&nbsp; esimees, P\u00f5nnipesa r\u00fchma esindaja Jaanika Keningi aseesimees, Pesamuna r\u00fchma esindaja Melissa Riso Vigurv\u00e4ntade r\u00fchma esindaja Sigrit Dulder Vanderp\u00f5nnide r\u00fchma esindaja Annika Treiman R\u00f5\u00f5mupesa&nbsp;r\u00fchma esindaja Melissa Riso&nbsp;&nbsp; &nbsp;P\u00e4ikesekiirte r\u00fchma esindaja Pille Birkholtz-Ilings Naerulindude&nbsp;r\u00fchma esindaja Agnes Saarist Lepatriinude r\u00fchma esindaja Angelika Anderson&nbsp; \u00f5petajate esindaja Carmen Viherpuu valla esindaja Protokoll nr 1 Protokoll nr 2Protokoll [&hellip;]<\/p>\n","protected":false},"author":6,"featured_media":0,"parent":0,"menu_order":0,"comment_status":"closed","ping_status":"closed","template":"","meta":{"_uag_custom_page_level_css":"","site-sidebar-layout":"default","site-content-layout":"","ast-site-content-layout":"default","site-content-style":"default","site-sidebar-style":"default","ast-global-header-display":"","ast-banner-title-visibility":"","ast-main-header-display":"","ast-hfb-above-header-display":"","ast-hfb-below-header-display":"","ast-hfb-mobile-header-display":"","site-post-title":"","ast-breadcrumbs-content":"","ast-featured-img":"","footer-sml-layout":"","ast-disable-related-posts":"","theme-transparent-header-meta":"","adv-header-id-meta":"","stick-header-meta":"","header-above-stick-meta":"","header-main-stick-meta":"","header-below-stick-meta":"","astra-migrate-meta-layouts":"set","ast-page-background-enabled":"default","ast-page-background-meta":{"desktop":{"background-color":"var(--ast-global-color-4)","background-image":"","background-repeat":"repeat","background-position":"center center","background-size":"auto","background-attachment":"scroll","background-type":"","background-media":"","overlay-type":"","overlay-color":"","overlay-opacity":"","overlay-gradient":""},"tablet":{"background-color":"","background-image":"","background-repeat":"repeat","background-position":"center center","background-size":"auto","background-attachment":"scroll","background-type":"","background-media":"","overlay-type":"","overlay-color":"","overlay-opacity":"","overlay-gradient":""},"mobile":{"background-color":"","background-image":"","background-repeat":"repeat","background-position":"center center","background-size":"auto","background-attachment":"scroll","background-type":"","background-media":"","overlay-type":"","overlay-color":"","overlay-opacity":"","overlay-gradient":""}},"ast-content-background-meta":{"desktop":{"background-color":"var(--ast-global-color-5)","background-image":"","background-repeat":"repeat","background-position":"center center","background-size":"auto","background-attachment":"scroll","background-type":"","background-media":"","overlay-type":"","overlay-color":"","overlay-opacity":"","overlay-gradient":""},"tablet":{"background-color":"var(--ast-global-color-5)","background-image":"","background-repeat":"repeat","background-position":"center center","background-size":"auto","background-attachment":"scroll","background-type":"","background-media":"","overlay-type":"","overlay-color":"","overlay-opacity":"","overlay-gradient":""},"mobile":{"background-color":"var(--ast-global-color-5)","background-image":"","background-repeat":"repeat","background-position":"center center","background-size":"auto","background-attachment":"scroll","background-type":"","background-media":"","overlay-type":"","overlay-color":"","overlay-opacity":"","overlay-gradient":""}},"footnotes":""},"class_list":["post-394","page","type-page","status-publish","hentry"],"uagb_featured_image_src":{"full":false,"thumbnail":false,"medium":false,"medium_large":false,"large":false,"1536x1536":false,"2048x2048":false},"uagb_author_info":{"display_name":"jana","author_link":"https:\/\/lasteaed.joelahtme.ee\/kostivere\/author\/jana\/"},"uagb_comment_info":0,"uagb_excerpt":"Koosseis Teele P\u00e4hn&nbsp;&nbsp; esimees, P\u00f5nnipesa r\u00fchma esindaja Jaanika Keningi aseesimees, Pesamuna r\u00fchma esindaja Melissa Riso Vigurv\u00e4ntade r\u00fchma esindaja Sigrit Dulder Vanderp\u00f5nnide r\u00fchma esindaja Annika Treiman R\u00f5\u00f5mupesa&nbsp;r\u00fchma esindaja Melissa Riso&nbsp;&nbsp; &nbsp;P\u00e4ikesekiirte r\u00fchma esindaja Pille Birkholtz-Ilings Naerulindude&nbsp;r\u00fchma esindaja Agnes Saarist Lepatriinude r\u00fchma esindaja Angelika Anderson&nbsp; \u00f5petajate esindaja Carmen Viherpuu valla esindaja Protokoll nr 1 Protokoll nr 2Protokoll&hellip;","_links":{"self":[{"href":"https:\/\/lasteaed.joelahtme.ee\/kostivere\/wp-json\/wp\/v2\/pages\/394","targetHints":{"allow":["GET"]}}],"collection":[{"href":"https:\/\/lasteaed.joelahtme.ee\/kostivere\/wp-json\/wp\/v2\/pages"}],"about":[{"href":"https:\/\/lasteaed.joelahtme.ee\/kostivere\/wp-json\/wp\/v2\/types\/page"}],"author":[{"embeddable":true,"href":"https:\/\/lasteaed.joelahtme.ee\/kostivere\/wp-json\/wp\/v2\/users\/6"}],"replies":[{"embeddable":true,"href":"https:\/\/lasteaed.joelahtme.ee\/kostivere\/wp-json\/wp\/v2\/comments?post=394"}],"version-history":[{"count":55,"href":"https:\/\/lasteaed.joelahtme.ee\/kostivere\/wp-json\/wp\/v2\/pages\/394\/revisions"}],"predecessor-version":[{"id":1362,"href":"https:\/\/lasteaed.joelahtme.ee\/kostivere\/wp-json\/wp\/v2\/pages\/394\/revisions\/1362"}],"wp:attachment":[{"href":"https:\/\/lasteaed.joelahtme.ee\/kostivere\/wp-json\/wp\/v2\/media?parent=394"}],"curies":[{"name":"wp","href":"https:\/\/api.w.org\/{rel}","templated":true}]}}