{"id":366,"date":"2021-11-03T09:30:14","date_gmt":"2021-11-03T09:30:14","guid":{"rendered":"http:\/\/lasteaed.joelahtme.ee\/kostivere\/?page_id=366"},"modified":"2022-09-01T10:19:26","modified_gmt":"2022-09-01T10:19:26","slug":"keskkonnaprojektid","status":"publish","type":"page","link":"https:\/\/lasteaed.joelahtme.ee\/kostivere\/keskkonnaprojektid\/","title":{"rendered":"Keskkonnaprojektid"},"content":{"rendered":"<p style=\"text-align: justify\">Meie lasteaed on juba alates 2012. a. kirjutanud projekte SA Keskkonnainvesteeringute Keskusele,\u00a0 et\u00a0 mitmekesistada lasteaia \u00f5ppekavas etten\u00e4htud teemade l\u00e4biviimist ning selle kaudu populariseerida kogemus\u00f5pet. Tegevused v\u00f5imaldavad ning toetavad \u00f5ppekava valdkonna &#8220;Mina ja keskkond&#8221; eesm\u00e4rkide saavutamist. Iga projektiga lisandub juurde uusi \u00f5ues- ja avastus\u00f5ppe meetodeid ning v\u00f5imalusi, otsime juurde uusi koost\u00f6\u00f6partnereid.<\/p>\n<p><strong>SA Keskkonnainvesteeringute Keskuse keskkonnateadlikkuse programmi projektid:<\/strong><\/p>\n<ul>\n<li>2012\/13 \u00f5-a. projekt\u00a0\u00a0 &#8220;Keskkonnateemaliste \u00f5ppek\u00e4ikude korraldamine lasteaialastele erinevatel aastaaegadel<\/li>\n<li>2013\/14\u00f5-a. projekt\u00a0 &#8220;Keskkonnakasvatus kui v\u00e4\u00e4rtuste kujundaja&#8221;<\/li>\n<li>2014\/15 \u00f5-a. projekt &#8220;Loomad l\u00e4bi lapse silmade&#8221;<\/li>\n<li>2015\/16 \u00f5-a. projekt\u00a0\u00a0 Kostivere Lasteaia laste \u00f5ppeprogrammid looduskeskustes 2015\/2016 \u00f5ppeaastal<\/li>\n<li>2016\/17 \u00f5-a. projekt &#8221; Mida puud meile r\u00e4\u00e4givad&#8221;<\/li>\n<li>2017\/18 \u00f5-a. projekt &#8220;Elu vees ja vee \u00e4\u00e4res?&#8221;<\/li>\n<li>2018\/19 \u00f5-a. projekt &#8220;Kostivere Lasteaia laste \u00f5ppeprogrammid looduskeskustes 2018\/2019 \u00f5ppeaastal &#8220;<\/li>\n<li>2019\/20 \u00f5-a. projekt &#8220;Kostivere Lasteaia koolieelikute \u00f5ppeprogrammid looduskeskustes 2019\/2020 \u00f5ppeaastal&#8221;<\/li>\n<li>2020\/21 \u00f5-a projekt &#8220;Avastusretk looduse igap\u00e4evaellu&#8221;<\/li>\n<li>2021\/22 \u00f5-a projekt &#8220;Kostivere Lasteaia koolieelikute \u00f5ppeprogrammid looduskeskustes 2021\/2022 \u00f5ppeaastal&#8221;<\/li>\n<li>2022\/23 \u00f5-a projekt &#8220;Kostivere Lasteaia koolieelikute \u00f5ppeprogrammid looduskeskustes 2022\/2023 \u00f5ppeaastal&#8221;\u00a0<\/li>\n<\/ul>\n\n\n<figure class=\"wp-block-image size-full is-resized\"><img loading=\"lazy\" decoding=\"async\" src=\"http:\/\/lasteaed.joelahtme.ee\/kostivere\/wp-content\/uploads\/sites\/2\/2021\/10\/KIK_logo_RGB-4.jpg\" alt=\"\" class=\"wp-image-220\" width=\"167\" height=\"182\" srcset=\"https:\/\/lasteaed.joelahtme.ee\/kostivere\/wp-content\/uploads\/sites\/2\/2021\/10\/KIK_logo_RGB-4.jpg 498w, https:\/\/lasteaed.joelahtme.ee\/kostivere\/wp-content\/uploads\/sites\/2\/2021\/10\/KIK_logo_RGB-4-276x300.jpg 276w\" sizes=\"auto, (max-width: 167px) 100vw, 167px\" \/><\/figure>\n\n\n\n<p><\/p>\n","protected":false},"excerpt":{"rendered":"<p>Meie lasteaed on juba alates 2012. a. kirjutanud projekte SA Keskkonnainvesteeringute Keskusele,\u00a0 et\u00a0 mitmekesistada lasteaia \u00f5ppekavas etten\u00e4htud teemade l\u00e4biviimist ning selle kaudu populariseerida kogemus\u00f5pet. Tegevused v\u00f5imaldavad ning toetavad \u00f5ppekava valdkonna &#8220;Mina ja keskkond&#8221; eesm\u00e4rkide saavutamist. Iga projektiga lisandub juurde uusi \u00f5ues- ja avastus\u00f5ppe meetodeid ning v\u00f5imalusi, otsime juurde uusi koost\u00f6\u00f6partnereid. SA Keskkonnainvesteeringute Keskuse keskkonnateadlikkuse programmi [&hellip;]<\/p>\n","protected":false},"author":6,"featured_media":0,"parent":0,"menu_order":0,"comment_status":"closed","ping_status":"closed","template":"","meta":{"_uag_custom_page_level_css":"","site-sidebar-layout":"default","site-content-layout":"","ast-site-content-layout":"default","site-content-style":"default","site-sidebar-style":"default","ast-global-header-display":"","ast-banner-title-visibility":"","ast-main-header-display":"","ast-hfb-above-header-display":"","ast-hfb-below-header-display":"","ast-hfb-mobile-header-display":"","site-post-title":"","ast-breadcrumbs-content":"","ast-featured-img":"","footer-sml-layout":"","ast-disable-related-posts":"","theme-transparent-header-meta":"","adv-header-id-meta":"","stick-header-meta":"","header-above-stick-meta":"","header-main-stick-meta":"","header-below-stick-meta":"","astra-migrate-meta-layouts":"default","ast-page-background-enabled":"default","ast-page-background-meta":{"desktop":{"background-color":"var(--ast-global-color-4)","background-image":"","background-repeat":"repeat","background-position":"center center","background-size":"auto","background-attachment":"scroll","background-type":"","background-media":"","overlay-type":"","overlay-color":"","overlay-opacity":"","overlay-gradient":""},"tablet":{"background-color":"","background-image":"","background-repeat":"repeat","background-position":"center center","background-size":"auto","background-attachment":"scroll","background-type":"","background-media":"","overlay-type":"","overlay-color":"","overlay-opacity":"","overlay-gradient":""},"mobile":{"background-color":"","background-image":"","background-repeat":"repeat","background-position":"center center","background-size":"auto","background-attachment":"scroll","background-type":"","background-media":"","overlay-type":"","overlay-color":"","overlay-opacity":"","overlay-gradient":""}},"ast-content-background-meta":{"desktop":{"background-color":"var(--ast-global-color-5)","background-image":"","background-repeat":"repeat","background-position":"center center","background-size":"auto","background-attachment":"scroll","background-type":"","background-media":"","overlay-type":"","overlay-color":"","overlay-opacity":"","overlay-gradient":""},"tablet":{"background-color":"var(--ast-global-color-5)","background-image":"","background-repeat":"repeat","background-position":"center center","background-size":"auto","background-attachment":"scroll","background-type":"","background-media":"","overlay-type":"","overlay-color":"","overlay-opacity":"","overlay-gradient":""},"mobile":{"background-color":"var(--ast-global-color-5)","background-image":"","background-repeat":"repeat","background-position":"center center","background-size":"auto","background-attachment":"scroll","background-type":"","background-media":"","overlay-type":"","overlay-color":"","overlay-opacity":"","overlay-gradient":""}},"footnotes":""},"class_list":["post-366","page","type-page","status-publish","hentry"],"uagb_featured_image_src":{"full":false,"thumbnail":false,"medium":false,"medium_large":false,"large":false,"1536x1536":false,"2048x2048":false},"uagb_author_info":{"display_name":"jana","author_link":"https:\/\/lasteaed.joelahtme.ee\/kostivere\/author\/jana\/"},"uagb_comment_info":0,"uagb_excerpt":"Meie lasteaed on juba alates 2012. a. kirjutanud projekte SA Keskkonnainvesteeringute Keskusele,\u00a0 et\u00a0 mitmekesistada lasteaia \u00f5ppekavas etten\u00e4htud teemade l\u00e4biviimist ning selle kaudu populariseerida kogemus\u00f5pet. Tegevused v\u00f5imaldavad ning toetavad \u00f5ppekava valdkonna &#8220;Mina ja keskkond&#8221; eesm\u00e4rkide saavutamist. Iga projektiga lisandub juurde uusi \u00f5ues- ja avastus\u00f5ppe meetodeid ning v\u00f5imalusi, otsime juurde uusi koost\u00f6\u00f6partnereid. SA Keskkonnainvesteeringute Keskuse keskkonnateadlikkuse programmi&hellip;","_links":{"self":[{"href":"https:\/\/lasteaed.joelahtme.ee\/kostivere\/wp-json\/wp\/v2\/pages\/366","targetHints":{"allow":["GET"]}}],"collection":[{"href":"https:\/\/lasteaed.joelahtme.ee\/kostivere\/wp-json\/wp\/v2\/pages"}],"about":[{"href":"https:\/\/lasteaed.joelahtme.ee\/kostivere\/wp-json\/wp\/v2\/types\/page"}],"author":[{"embeddable":true,"href":"https:\/\/lasteaed.joelahtme.ee\/kostivere\/wp-json\/wp\/v2\/users\/6"}],"replies":[{"embeddable":true,"href":"https:\/\/lasteaed.joelahtme.ee\/kostivere\/wp-json\/wp\/v2\/comments?post=366"}],"version-history":[{"count":7,"href":"https:\/\/lasteaed.joelahtme.ee\/kostivere\/wp-json\/wp\/v2\/pages\/366\/revisions"}],"predecessor-version":[{"id":792,"href":"https:\/\/lasteaed.joelahtme.ee\/kostivere\/wp-json\/wp\/v2\/pages\/366\/revisions\/792"}],"wp:attachment":[{"href":"https:\/\/lasteaed.joelahtme.ee\/kostivere\/wp-json\/wp\/v2\/media?parent=366"}],"curies":[{"name":"wp","href":"https:\/\/api.w.org\/{rel}","templated":true}]}}